vert -2a1634 (base 13) to base 11.
-644a42
Convert -bf825 (base 16) to base 5.
-200100141
Convert 222232222 (base 5) to base 16.
ee923
What is 1214043444 (base 5) in base 14?
54cb95
Convert -111254431 (base 6) to base 14.
-3ab759
What is 13303886 (base 9) in base 4?
121000322220
Convert -5565642 (base 7) to base 15.
-d9100
What is 19deaa4 (base 15) in base 9?
38555801
-3457337 (base 8) to base 6
-32104051
Convert -3020112 (base 5) to base 3.
-2110001121
Convert 100011110101111100000 (base 2) to base 14.
228048
What is 19884 (base 14) in base 13?
23654
-3331303133 (base 4) to base 14
-1d0bdd
Convert -164110 (base 9) to base 4.
-120300231
Convert 1a5747 (base 11) to base 7.
2451260
Convert -5773 (base 16) to base 8.
-53563
What is 110564333 (base 7) in base 5?
3203011303
1edab (base 16) to base 3
20102100201
10100101111111000011 (base 2) to base 15
d66a0
Convert 255245 (base 7) to base 15.
e0e5
Convert -2100230 (base 9) to base 16.
-111f48
23120112 (base 4) to base 16
b616
57bc0 (base 14) to base 9
355016
What is -2334b2 (base 13) in base 9?
-1513304
What is -500330 (base 6) in base 13?
-149a6
What is 67306 (base 11) in base 9?
157708
What is 102424 (base 5) in base 11?
2692
-5551165 (base 10) to base 2
-10101001011010000111101
What is -14119 (base 13) in base 16?
-92a4
What is -220110001220 (base 3) in base 14?
-c750b
Convert 104242 (base 5) to base 2.
111001110001
-1a19b (base 12) to base 6
-453115
What is -103413015 (base 7) in base 3?
-102122101220200
What is -2257466 (base 8) in base 10?
-614198
21332221223 (base 4) to base 14
4c1471
Convert -6c3d5 (base 15) to base 8.
-1242045
6ab65 (base 14) to base 4
333201111
Convert 332310003 (base 4) to base 2.
111110110100000011
What is -14031 (base 14) in base 2?
-1100000100011011
Convert -1be46e (base 16) to base 7.
-21352205
50295 (base 15) to base 7
2104460
Convert -414d71 (base 16) to base 8.
-20246561
What is 372309 (base 10) in base 5?
43403214
-11a8e (base 16) to base 15
-16674
Convert -18edb6 (base 16) to base 5.
-404234333
Convert 745042 (base 11) to base 13.
329ac2
-8754806 (base 9) to base 5
-2200414441
6540665 (base 7) to base 9
1448188
Convert -22202201001011 (base 3) to base 15.
-6206ea
15051366 (base 7) to base 4
11123233023
What is -5054120 (base 7) in base 11?
-381067
Convert -1135133 (base 9) to base 4.
-2111320221
What is -405558 (base 10) in base 7?
-3306246
Convert 3370 (base 11) to base 3.
20002012
What is 3577996 (base 12) in base 4?
213201133002
Convert -310223 (base 8) to base 4.
-121002103
Convert 1130120200 (base 4) to base 13.
103309
Convert -441304000 (base 5) to base 3.
-10120112222220
-10454451 (base 6) to base 13
-b1cc7
-5992 (base 14) to base 7
-63342
Convert -222120211201120 (base 3) to base 13.
-2c09226
263912 (base 10) to base 8
1003350
110110101000011010001 (base 2) to base 14
348569
3332043 (base 5) to base 3
2222002220
1046005 (base 9) to base 7
4530446
-20020013 (base 6) to base 9
-1046510
7908401 (base 10) to base 13
183b837
594656 (base 12) to base 3
2201002102110
Convert 2ac4b (base 13) to base 6.
1423503
Convert 110010101011101 (base 2) to base 14.
9657
2021010010101 (base 3) to base 14
234565
What is -b71a0 (base 14) in base 5?
-103121440
fc58e (base 16) to base 12
41a1a6
Convert -435695 (base 10) to base 7.
-3463151
What is 2705c2 (base 16) in base 14?
4a7dbc
What is -148a3a (base 11) in base 3?
-102202120200
Convert 4234231 (base 5) to base 16.
11617
What is 204532540 (base 7) in base 8?
56101753
What is 1001100100101101010 (base 2) in base 14?
82478
Convert -3a8844 (base 12) to base 15.
-142124
16306 (base 9) to base 3
120100020
-110011100000110110 (base 2) to base 14
-56c74
Convert -393670 (base 11) to base 8.
-2272306
-31112331 (base 4) to base 13
-1bba0
What is 23110223002 (base 4) in base 8?
13245302
What is -dfa227 (base 16) in base 7?
-235400656
What is 608a7 (base 12) in base 6?
2405531
13222322333 (base 4) to base 5
1003321230
1170373 (base 8) to base 2
1001111000011111011
What is -10633266 (base 9) in base 4?
-103223212323
Convert 23573574 (base 8) to base 13.
10c2737
2491022 (base 10) to base 2
1001100000001010001110
What is eb31 (base 15) in base 4?
30021223
What is -241849 (base 13) in base 8?
-3220430
What is -11b67b (base 13) in base 3?
-210121011211
What is -1111011010111100010 (base 2) in base 9?
-850140
What is 34656341 (base 8) in base 3?
112020002221110
What is 102212001010 (base 3) in base 9?
385033
8753 (base 10) to base 16
2231
-161a2 (base 14) to base 10
-55218
What is 1040435 (base 6) in base 4?
30230213
Convert -2403976 (base 10) to base 16.
-24ae88
What is -10110010101000111101111 (base 2) in base 8?
-26250757
What is -234273 (base 9) in base 13?
-4c1b5
-173215 (base 9) to base 10
-107339
242e89 (base 15) to base 13
488034
What is 32553b (base 13) in base 10?
1182881
Convert 2209 (base 11) to base 8.
5541
Convert -121220011001 (base 3) to base 14.
-89285
What is -14332205 (base 6) in base 9?
-833025
50541645 (base 7) to base 2
10000000100010100111000
-101002122212 (base 3) to base 14
-5261c
What is -4c4927 (base 13) in base 3?
-10110101121012
Convert 253311 (base 6) to base 14.
8443
Convert -24876 (base 10) to base 3.
-1021010100
-26655552 (base 7) to base 3
-11122101012220
-257843 (base 13) to base 3
-1200211112222
What is -22315844 (base 9) in base 13?
-2319613
What is 12111211012 (base 3) in base 5?
11432431
Convert -120528 (base 13) to base 9.
-723783
Convert 110273 (base 14) to base 4.
2030303131
-13523 (base 9) to base 7
-35514
Convert 345530440 (base 6) to base 5.
3121403213
59c08 (base 13) to base 14
43dc2
What is -110cad (base 15) in base 16?
-c673f
Convert 3450454 (base 7) to base 6.
13133531
What is 77050 (base 9) in base 16?
c783
Convert 1235553540 (base 6) to base 7.
234503661
1d2841 (base 15) to base 5
331113421
Convert -c74c6 (base 14) to base 3.
-220110000200
-262361 (base 10) to base 8
-1000331
134236634 (base 7) to base 15
b7c565
-4c8c70 (base 14) to base 15
-371395
What is -a22c9 (base 13) in base 10?
-290507
Convert 105620 (base 8) to base 14.
d040
-4469266 (base 12) to base 2
-110001111001010000101110
Convert 11101001110001010 (base 2) to base 14.
31894
-1011000010 (base 4) to base 8
-1050004
What is 22221020 (base 3) in base 8?
14561
Convert 16d76 (base 14) to base 8.
160274
49397a7 (base 11) to base 6
504100225
-2034243 (base 5) to base 12
-17602
What is -110010101110110110010 (base 2) in base 3?
-10010110100212
234203 (base 5) to base 15
2888
-2f0222 (base 16) to base 4
-23300020202
What is -233095 (base 11) in base 8?
-1322712
-de23e (base 16) to base 13
-25b1c3
What is 268130 (base 9) in base 16?
27e4c
Convert -337548 (base 10) to base 15.
-6a033
Convert -7057331 (base 8) to base 12.
-757b89
1457452 (base 8) to base 6
12541122
What is 210041411 (base 6) in base 11?
206a371
What is -10111010202 (base 3) in base 6?
-1245415
Convert -1228a2 (base 12) to base 9.
-488635
What is 78833 (base 12) in base 15?
326cc
Convert 300222022 (base 6) to base 10.
5057438
157134 (base 9) to base 2
10111101100101101
What is -4142304 (base 7) in base 16?
-798b4
What is 133342343 (base 5) in base 3?
1021202101222
What is -278005 (base 9) in base 2?
-101001011110000110
Convert -1000100101011100000110 (base 2) to base 10.
-2250502
1142452 (base 6) to base 14
17d3a
11321332013 (base 4) to base 15
208ab2
Convert 1033929 (base 10) to base 13.
2a27c0
-318207 (base 10) to base 13
-b1ab6
Convert -a6790 (base 15) to base 10.
-528210
Convert -1910a (base 16) to base 7.
-605214
210300203311 (base 4) to base 16
9308f5
101001000100111110 (base 2) to base 4
221010332
What is dd545 (base 14) in base 13?
15a041
Convert -131079a (base 13) to base 7.
-101514610
9b9ac (base 14) to base 13
102c9c
What is -1304310 (base 8) in base 14?
-9626c
b750dc (base 16) to base 8
55650334
-11405504 (base 7) to base 12
-408868
What is 35588604 (base 9) in base 2?
1000010001110010100100111
What is 856721 (base 9) in base 10?
510157
What is -142211343 (base 5) in base 16?
-b5061
What is 1010001001100011000111 (base 2) in base 13?
721cba
433565 (base 7) to base 15
176a2
What is a29ba (base 12) in base 2?
110011110100011110
Convert 230030013 (base 4) to base 16.
2c307
-332020220 (base 4) to base 8
-761050
-326d7 (base 14) to base 3
-20012111021
Convert 22